Dec 02 13:57:48.841 INFO testing tiny-0.4.3 against master#8940af3cea4a9a9deabcaf843b2f8cad9a83fc61 for beta-1.31-5
Dec 02 13:57:48.841 INFO running `"docker" "create" "-v" "/mnt/big/crater/work/local/target-dirs/beta-1.31-5/worker-7/master#8940af3cea4a9a9deabcaf843b2f8cad9a83fc61:/target:rw,Z" "-v" "/mnt/big/crater/work/local/test-source/worker-7/beta-1.31-5/master#8940af3cea4a9a9deabcaf843b2f8cad9a83fc61:/source:ro,Z" "-v" "/mnt/big/crater/work/local/cargo-home:/cargo-home:ro,Z" "-v" "/mnt/big/crater/work/local/rustup-home:/rustup-home:ro,Z" "-e" "USER_ID=1000" "-e" "SOURCE_DIR=/source" "-e" "USER_ID=1000" "-e" "CMD=cargo +8940af3cea4a9a9deabcaf843b2f8cad9a83fc61-alt build --frozen" "-e" "CARGO_TARGET_DIR=/target" "-e" "CARGO_INCREMENTAL=0" "-e" "RUST_BACKTRACE=full" "-e" "RUSTFLAGS=--cap-lints=warn" "-e" "CARGO_HOME=/cargo-home" "-e" "RUSTUP_HOME=/rustup-home" "-m" "1536M" "--network" "none" "crater"`
Dec 02 13:57:49.299 INFO [stdout] 3f25f4188e335129a7d68e4fe47fdd1b86f34a25e853bb5cf931f49d2ddb01c7
Dec 02 13:57:49.302 INFO running `"docker" "start" "-a" "3f25f4188e335129a7d68e4fe47fdd1b86f34a25e853bb5cf931f49d2ddb01c7"`
Dec 02 13:57:50.324 INFO [stderr] usermod: no changes
Dec 02 13:57:50.587 INFO [stderr]    Compiling termbox_simple v0.2.2
Dec 02 13:57:50.595 INFO [stderr]    Compiling serde_yaml v0.7.5
Dec 02 13:57:50.595 INFO [stderr]    Compiling nix v0.7.0
Dec 02 13:57:50.595 INFO [stderr]    Compiling dbus v0.6.3
Dec 02 13:57:57.265 INFO [stderr]    Compiling term_input v0.1.5
Dec 02 13:58:03.106 INFO [stderr]    Compiling notify-rust v3.5.0
Dec 02 13:58:04.983 INFO [stderr]    Compiling tiny v0.4.3 (/source)
Dec 02 13:58:08.131 INFO [stderr] error[E0554]: #![feature] may not be used on the beta release channel
Dec 02 13:58:08.131 INFO [stderr]  --> src/lib.rs:2:1
Dec 02 13:58:08.131 INFO [stderr]   |
Dec 02 13:58:08.131 INFO [stderr] 2 | #![feature(alloc_system)]
Dec 02 13:58:08.131 INFO [stderr]   | ^^^^^^^^^^^^^^^^^^^^^^^^^
Dec 02 13:58:08.131 INFO [stderr] 
Dec 02 13:58:08.131 INFO [stderr] error[E0554]: #![feature] may not be used on the beta release channel
Dec 02 13:58:08.131 INFO [stderr]  --> src/lib.rs:3:1
Dec 02 13:58:08.131 INFO [stderr]   |
Dec 02 13:58:08.131 INFO [stderr] 3 | #![feature(allocator_api)]
Dec 02 13:58:08.131 INFO [stderr]   | ^^^^^^^^^^^^^^^^^^^^^^^^^^
Dec 02 13:58:08.131 INFO [stderr] 
Dec 02 13:58:08.131 INFO [stderr] error[E0554]: #![feature] may not be used on the beta release channel
Dec 02 13:58:08.131 INFO [stderr]  --> src/lib.rs:4:1
Dec 02 13:58:08.131 INFO [stderr]   |
Dec 02 13:58:08.131 INFO [stderr] 4 | #![feature(const_fn)]
Dec 02 13:58:08.131 INFO [stderr]   | ^^^^^^^^^^^^^^^^^^^^^
Dec 02 13:58:08.131 INFO [stderr] 
Dec 02 13:58:08.131 INFO [stderr] error[E0554]: #![feature] may not be used on the beta release channel
Dec 02 13:58:08.131 INFO [stderr]  --> src/lib.rs:5:1
Dec 02 13:58:08.131 INFO [stderr]   |
Dec 02 13:58:08.131 INFO [stderr] 5 | #![feature(drain_filter)]
Dec 02 13:58:08.131 INFO [stderr]   | ^^^^^^^^^^^^^^^^^^^^^^^^^
Dec 02 13:58:08.131 INFO [stderr] 
Dec 02 13:58:08.131 INFO [stderr] error[E0554]: #![feature] may not be used on the beta release channel
Dec 02 13:58:08.131 INFO [stderr]  --> src/lib.rs:6:1
Dec 02 13:58:08.131 INFO [stderr]   |
Dec 02 13:58:08.131 INFO [stderr] 6 | #![feature(nll)]
Dec 02 13:58:08.131 INFO [stderr]   | ^^^^^^^^^^^^^^^^
Dec 02 13:58:08.131 INFO [stderr] 
Dec 02 13:58:08.131 INFO [stderr] error[E0554]: #![feature] may not be used on the beta release channel
Dec 02 13:58:08.131 INFO [stderr]  --> src/lib.rs:7:1
Dec 02 13:58:08.131 INFO [stderr]   |
Dec 02 13:58:08.131 INFO [stderr] 7 | #![feature(ptr_offset_from)]
Dec 02 13:58:08.131 INFO [stderr]   | ^^^^^^^^^^^^^^^^^^^^^^^^^^^^
Dec 02 13:58:08.131 INFO [stderr] 
Dec 02 13:58:08.143 INFO [stderr] error: aborting due to 6 previous errors
Dec 02 13:58:08.143 INFO [stderr] 
Dec 02 13:58:08.143 INFO [stderr] For more information about this error, try `rustc --explain E0554`.
Dec 02 13:58:08.159 INFO [stderr] error: Could not compile `tiny`.
Dec 02 13:58:08.159 INFO [stderr] 
Dec 02 13:58:08.159 INFO [stderr] To learn more, run the command again with --verbose.
Dec 02 13:58:08.159 INFO [stderr] su: No module specific data is present
Dec 02 13:58:08.959 INFO running `"docker" "inspect" "3f25f4188e335129a7d68e4fe47fdd1b86f34a25e853bb5cf931f49d2ddb01c7"`
Dec 02 13:58:09.277 INFO running `"docker" "rm" "-f" "3f25f4188e335129a7d68e4fe47fdd1b86f34a25e853bb5cf931f49d2ddb01c7"`
Dec 02 13:58:09.543 INFO [stdout] 3f25f4188e335129a7d68e4fe47fdd1b86f34a25e853bb5cf931f49d2ddb01c7
